u = -3*y + 33. Suppose -3 = 2*t - y. Suppose -t*s + 12 = -2*s. What are the prime factors of s?
2, 3
Suppose -5*y - 2*x = 8, -2*y + 5*y = -2*x - 8. Suppose y = t + t + 4*k + 68, -k - 108 = 4*t. Let z = -17 - t. What are the prime factors of z?
3
Let g(w) = -w + 5. Let u be g(2). Let b(l) = 3*l**2 - 2*l**2 - 3*l - 4 + 2*l**2. What are the prime factors of b(u)?
2, 7
Let u(k) = -k**3 - 6*k**2 - 7*k - 7. Let o be u(-5). Suppose -x = -o - 7. List the prime factors of x.
2, 5
What are the prime factors of -172*1*((-12)/(-8) + -2)?
2, 43
Let s be ((-72)/(-3))/(9/24). Suppose -16 = y - s. List the prime factors of y.
2, 3
Suppose -4*r + 14 = -3*r. Let l be (-6 + -3 + 2)/(-1). Let t = r - l. What are the prime factors of t?
7
Suppose -964 + 3369 = 13*t. What are the prime factors of t?
5, 37
Suppose 0 = -2*n - 4*n + 324. List the prime factors of n.
2, 3
Let t = 11 + -8. Suppose -4*i + 5 = -2*q - t, -2*q - 4*i = -8. Suppose -2*y = -j - 0*y + 15, 2*y - 4 = q. What are the prime factors of j?
19
Let z(l) = l**2 - 2. List the prime factors of z(-6).
2, 17
Let t(p) be the second derivative of 2*p - 2*p**2 + 0 - 1/6*p**3. What are the prime factors of t(-7)?
3
Suppose -2*z + 134 = 6. List the prime factors of z.
2
Suppose 3*l = -4*x - 3, 0 = -0*x - 2*x - 2*l. List the prime factors of 3 - x/((-6)/(-16)).
11
Let t = 224 - 148. What are the prime factors of t?
2, 19
Suppose -1440 = -21*l + 6*l. What are the prime factors of l?
2, 3
Let o be 12186/117 - (-2)/(-13). Suppose 3*u = 5*p - 272, -5*u + o = 4*p - 84. List the prime factors of p.
2, 13
Let y(k) = k**2 - k - 11. Let f be (-9)/(-36) - 46/(-8). List the prime factors of y(f).
19
Suppose d - 144 = -2. What are the prime factors of d?
2, 71
Suppose -3*k + 6 = 0, -4*p + 2*k = k + 62. Let i = p - -29. List the prime factors of i.
2, 7
Suppose o + 1 = 4. Let y = 6 - o. Suppose -4*v - 3 = j + y, 20 = -5*v. What are the prime factors of j?
2, 5
Let p = -10 + 6. Let u be (-6)/(-3) + p/2. Suppose 5*l - 37 = -4*w, u = -7*w + 2*w + 3*l + 37. What are the prime factors of w?
2
Suppose 6*u = 3*u + 3*b + 774, b = 5*u - 1274. List the prime factors of u.
2, 127
Let i(m) be the second derivative of m**4/12 + 5*m**3/6 + 3*m**2/2 - m. Suppose 0 = 7*t - 10*t - 21. What are the prime factors of i(t)?
17
Let o(f) = 13*f**2 - 6*f + 3. List the prime factors of o(4).
11, 17
Suppose -2*t + 136 = 3*h, 3*h - 75 = 5*t + 68. What are the prime factors of h?
2, 23
Let b(k) = -k**3 - 12*k**2 + 3*k + 9. Let f be b(-12). Let m = -12 - f. List the prime factors of m.
3, 5
Let s = -3 - -5. Suppose -4 = -3*i + s. Suppose -4*g = r - 6*r + 3, -i*r + 12 = 2*g. List the prime factors of r.
3
Let x be 6/(-4)*(-1 + -1). Suppose x*b - 5 = 2*t, 0 = 3*t + 6*b - b - 40. What are the prime factors of t?
5
Let o(v) be the first derivative of -v**2 - 2*v + 1. Let t be o(-3). Suppose c + t*c = 50. List the prime factors of c.
2, 5
Let u(v) = v**3 - 9*v**2 - 15*v - 18. List the prime factors of u(12).
2, 3, 13
Let o(z) = z**2 + 5*z - 3. Let x be o(-6). Let u = 1 + x. Suppose m = u - 1. List the prime factors of m.
3
Let l = -10 + 16. Let f be 26/3 + 2/l. What are the prime factors of (-156)/(-27) - (-2)/f?
2, 3
Suppose 0 = -55*g + 50*g + 170. List the prime factors of g.
2, 17
Let l(b) = -b**3 - 3*b**2 + 5*b + 1. Let m be l(-4). Let c be (m - -5 - 4) + 0. What are the prime factors of (1 + c)/((-1)/2)?
2
Suppose -5*z - 4 = -4*z - 4*j, -4*z - 5*j - 121 = 0. List the prime factors of ((-4)/(-3))/((-2)/z).
2
Suppose 4 = v + 2. List the prime factors of (v/(-6))/(9/(-189)).
7
Let t(u) = -3*u**2 - 3*u - 3. Let q be t(-4). Let m be ((-5)/3)/(5/(-18)). List the prime factors of 4/m + q/(-9).
5
Let s = 172 + -301. Let o = -85 - s. What are the prime factors of o?
2, 11
Let l be 1/2 + (-14)/(-4). Suppose -8*m + 32 = 8. Let g = m + l. What are the prime factors of g?
7
Suppose x = -b + 11, -2*x + 17 = b + 2*x. List the prime factors of b.
3
What are the prime factors of 46/(-16)*-82 + (-3)/4?
5, 47
Suppose 0 = 15*f - 326 - 1024. What are the prime factors of f?
2, 3, 5
Let w(y) = -y**2 + 8*y - 6. Let j be (1 - -1)/((-3)/(-9)). What are the prime factors of w(j)?
2, 3
Suppose -30 = -4*h - 2. What are the prime factors of h?
7
Suppose -2*b + 3*b = 2*t + 4, 3*b - 12 = 4*t. Let k = t - -8. What are the prime factors of k?
2
Suppose 0 = 3*c - 0 - 9. Suppose n - c = -0. List the prime factors of n.
3
Let b(l) = l. Let i be b(2). Suppose -i*n = -0 - 10. Suppose 0*o - 14 = -o - t, -4*o - n*t + 58 = 0. What are the prime factors of o?
2, 3
Let r(m) = -2*m + 2*m + m. Let q be r(5). Suppose 3*y - 15 = -q*u, 0 = y - 4*y + u + 15. What are the prime factors of y?
5
Suppose 0 = -4*y + 2*y + 8. Let u be (y/8)/(1/10). Suppose u*r + 5*h = 60, -4*h + 49 = 3*r + 8. List the prime factors of r.
7
Suppose -4*y - 11 = 3*v, 3*v - 2 + 1 = 2*y. Let n be 2 - 1 - 0/v. Let s = 14 + n. List the prime factors of s.
3, 5
Let p be (-176)/(-18) - 2/(-9). Let s(j) be the first derivative of j**4/4 - 3*j**3 - 11*j**2/2 + 14*j + 2. List the prime factors of s(p).
2
Let t(s) = s**3 + 7*s**2 - 8*s - 12. What are the prime factors of t(-7)?
2, 11
Let n = 24 + 88. Suppose -2*u + 3*o + 104 = 2*u, 4*u - 5*o = n. List the prime factors of u.
23
Let x = 71 - 36. Suppose 3*z - 3*l = 4*z - x, -30 = -z - 2*l. What are the prime factors of z?
2, 5
Let c(k) = k**3 + 7*k**2 - 10*k - 10. Let i = -27 + 19. What are the prime factors of c(i)?
2, 3
Let j be (1 - 1)*(0 + 1). Suppose 2*v - 34 - 18 = j. What are the prime factors of v?
2, 13
Suppose -6*a + 11*a = 10. List the prime factors of a.
2
Let h(n) = -8*n + 1. Let t(x) = 7*x. Let m = 6 - 2. Let g(s) = m*h(s) + 5*t(s). What are the prime factors of g(3)?
13
Let u(a) = a**2 + 8*a + 15. Let d(f) = 3*f**2 + 23*f + 46. Let r(g) = -2*d(g) + 7*u(g). List the prime factors of r(-9).
2
Let z(d) = -4*d - 3. Let i be (-2)/((-6)/(-15))*-1. Suppose 2*f + 0 + 9 = i*x, 3 = -4*f - 5*x. What are the prime factors of z(f)?
5
Let d(m) = m**3 - 6*m**2 + 4*m. Let b = -9 - -14. Let z be d(b). List the prime factors of (6/z)/(10/(-75)).
3
Let j be (-21)/(-2) + 3/6. Suppose -t - 4*l + 24 = 0, -2*t + 3*l + 4 + j = 0. List the prime factors of t.
2, 3
Suppose -h = 3*h - 132. Let n(i) = i**3 + 5*i**2 + 2*i - 2. Let t be n(-4). List the prime factors of h/9 + (-4)/t.
3
Suppose 2*z = -3*a + 9, -5*a = -12 - 3. Let t be 1 - (z/(-1) - 4). Suppose -s + t*g = 2*g - 8, -4 = -4*s - 2*g. What are the prime factors of s?
2
Let j = -253 + 373. What are the prime factors of j?
2, 3, 5
List the prime factors of (2/2)/(7/1155).
3, 5, 11
Let q be (20 - 3)/(2/10). Suppose q = 5*m - 80. What are the prime factors of m?
3, 11
List the prime factors of (-48)/(-15)*(-3 + 13).
2
Suppose 0 = -5*g - 5*u, 12 = 5*u + 2. Let v = g - -4. Suppose 0 = -z + 4*j - 2 + 16, 0 = -4*z - v*j + 20. What are the prime factors of z?
2, 3
Let w = 156 - 4. List the prime factors of w.
2, 19
List the prime factors of -10 - -4 - -4 - 40*-6.
2, 7, 17
List the prime factors of 4/(-10) + 0 + 411/15.
3
Suppose 0 = 3*l - 2*u + 43, 2*l - 2*u = -0*u - 28. Let f be (3/2)/(l/(-20)). What are the prime factors of 104/10 - f/5?
2, 5
Let f = -38 + 40. List the prime factors of f.
2
Suppose 0*l - l = -26. List the prime factors of l.
2, 13
Let a = -3 + 8. Suppose -9 = -2*z + a. What are the prime factors of z?
7
Suppose 2*c = 5*b - 2 - 13, b - c = 3. What are the prime factors of b?
3
Let u(i) = -i + 11. Let q be u(6). Let z = q + -1. Let c = z + -1. What are the prime factors of c?
3
Let h be (-19)/(-2) + 9/(-6). Let f = 5 + h. What are the prime factors of f?
13
Suppose 0 = 3*i + s - 6*s - 457, -s - 598 = -4*i. List the prime factors of i.
149
Let b = 68 + -15. What are the prime factors of b?
53
Let v = 438 - 205. List the prime factors of v.
233
Let z be (0 - (3 - -3)) + 2. List the prime factors of 2/z*4*-1.
2
Let f(g) = -g**3 - 4*g**2 - 9*g - 14. What are the prime factors of f(-7)?
2, 7
Let x(r) = -r**2 + 10*r - 6. What are the prime factors of x(8)?
2, 5
Let z = 83 - 38. What are the prime factors of z?
3, 5
Let i(b) = -b**2 - 4*b. Let l be (-2)/(-1*(2 + -3)). What are the prime factors of i(l)?
2
Suppose 2*p = 2*i - i + 17, 0 = 3*i - p + 31. Let d = i + -2. Let z = d + 15. What are the prime factors of z?
2
Let j = 8 - -30. List